{"id":8680,"date":"2025-12-15T18:08:04","date_gmt":"2025-12-15T17:08:04","guid":{"rendered":"https:\/\/digestionesemocionales.com\/academia\/?page_id=8680"},"modified":"2026-01-05T16:27:08","modified_gmt":"2026-01-05T15:27:08","slug":"producto","status":"publish","type":"page","link":"https:\/\/digestionesemocionales.com\/academia\/producto\/","title":{"rendered":"Producto"},"content":{"rendered":"\t\t<div data-elementor-type=\"wp-page\" data-elementor-id=\"8680\" class=\"elementor elementor-8680\" data-elementor-post-type=\"page\">\n\t\t\t\t\t\t<section class=\"elementor-section elementor-top-section elementor-element elementor-element-0da229e elementor-section-boxed elementor-section-height-default elementor-section-height-default\" data-id=\"0da229e\" data-element_type=\"section\" data-settings=\"{&quot;background_background&quot;:&quot;classic&quot;}\">\n\t\t\t\t\t\t<div class=\"elementor-container elementor-column-gap-default\">\n\t\t\t\t\t<div class=\"elementor-column elementor-col-100 elementor-top-column elementor-element elementor-element-a284070\" data-id=\"a284070\" data-element_type=\"column\">\n\t\t\t<div class=\"elementor-widget-wrap elementor-element-populated\">\n\t\t\t\t\t\t<div class=\"elementor-element elementor-element-774fdcd elementor-widget elementor-widget-heading\" data-id=\"774fdcd\" data-element_type=\"widget\" data-widget_type=\"heading.default\">\n\t\t\t\t<div class=\"elementor-widget-container\">\n\t\t\t\t\t<h2 class=\"elementor-heading-title elementor-size-default\">Suplementos que no suplen, acompa\u00f1an\n<\/h2>\t\t\t\t<\/div>\n\t\t\t\t<\/div>\n\t\t\t\t<section class=\"elementor-section elementor-inner-section elementor-element elementor-element-a8df43b elementor-section-boxed elementor-section-height-default elementor-section-height-default\" data-id=\"a8df43b\" data-element_type=\"section\">\n\t\t\t\t\t\t<div class=\"elementor-container elementor-column-gap-wider\">\n\t\t\t\t\t<div class=\"elementor-column elementor-col-50 elementor-inner-column elementor-element elementor-element-7301ee1\" data-id=\"7301ee1\" data-element_type=\"column\">\n\t\t\t<div class=\"elementor-widget-wrap elementor-element-populated\">\n\t\t\t\t\t\t<div class=\"elementor-element elementor-element-804a71d elementor-widget elementor-widget-image\" data-id=\"804a71d\" data-element_type=\"widget\" data-widget_type=\"image.default\">\n\t\t\t\t<div class=\"elementor-widget-container\">\n\t\t\t\t\t\t\t\t\t\t\t\t\t\t\t\t<a href=\"https:\/\/digestionesemocionales.com\/producto\/dclearlys\/\">\n\t\t\t\t\t\t\t<img fetchpriority=\"high\" decoding=\"async\" width=\"768\" height=\"1024\" src=\"https:\/\/digestionesemocionales.com\/academia\/wp-content\/uploads\/2025\/12\/image00005-scaled-1-768x1024.jpeg\" class=\"attachment-large size-large wp-image-8683\" alt=\"\" srcset=\"https:\/\/digestionesemocionales.com\/academia\/wp-content\/uploads\/2025\/12\/image00005-scaled-1-768x1024.jpeg 768w, https:\/\/digestionesemocionales.com\/academia\/wp-content\/uploads\/2025\/12\/image00005-scaled-1-225x300.jpeg 225w, https:\/\/digestionesemocionales.com\/academia\/wp-content\/uploads\/2025\/12\/image00005-scaled-1-75x100.jpeg 75w, https:\/\/digestionesemocionales.com\/academia\/wp-content\/uploads\/2025\/12\/image00005-scaled-1-188x250.jpeg 188w, https:\/\/digestionesemocionales.com\/academia\/wp-content\/uploads\/2025\/12\/image00005-scaled-1-1152x1536.jpeg 1152w, https:\/\/digestionesemocionales.com\/academia\/wp-content\/uploads\/2025\/12\/image00005-scaled-1-1536x2048.jpeg 1536w, https:\/\/digestionesemocionales.com\/academia\/wp-content\/uploads\/2025\/12\/image00005-scaled-1.jpeg 1920w\" sizes=\"(max-width: 768px) 100vw, 768px\" \/>\t\t\t\t\t\t\t\t<\/a>\n\t\t\t\t\t\t\t\t\t\t\t\t\t\t\t<\/div>\n\t\t\t\t<\/div>\n\t\t\t\t<div class=\"elementor-element elementor-element-f7b71b4 elementor-widget elementor-widget-heading\" data-id=\"f7b71b4\" data-element_type=\"widget\" data-widget_type=\"heading.default\">\n\t\t\t\t<div class=\"elementor-widget-container\">\n\t\t\t\t\t<h2 class=\"elementor-heading-title elementor-size-default\"><a href=\"https:\/\/digestionesemocionales.com\/producto\/dclearlys\/\">DClearlys<\/a><\/h2>\t\t\t\t<\/div>\n\t\t\t\t<\/div>\n\t\t\t\t<div class=\"elementor-element elementor-element-b18dfe1 elementor-align-center elementor-widget elementor-widget-button\" data-id=\"b18dfe1\" data-element_type=\"widget\" data-widget_type=\"button.default\">\n\t\t\t\t<div class=\"elementor-widget-container\">\n\t\t\t\t\t\t\t\t\t<div class=\"elementor-button-wrapper\">\n\t\t\t\t\t<a class=\"elementor-button elementor-button-link elementor-size-sm\" href=\"https:\/\/digestionesemocionales.com\/producto\/dclearlys\/\">\n\t\t\t\t\t\t<span class=\"elementor-button-content-wrapper\">\n\t\t\t\t\t\t\t\t\t<span class=\"elementor-button-text\">A\u00f1adir al carrito<\/span>\n\t\t\t\t\t<\/span>\n\t\t\t\t\t<\/a>\n\t\t\t\t<\/div>\n\t\t\t\t\t\t\t\t<\/div>\n\t\t\t\t<\/div>\n\t\t\t\t\t<\/div>\n\t\t<\/div>\n\t\t\t\t<div class=\"elementor-column elementor-col-50 elementor-inner-column elementor-element elementor-element-4d8eeae\" data-id=\"4d8eeae\" data-element_type=\"column\">\n\t\t\t<div class=\"elementor-widget-wrap elementor-element-populated\">\n\t\t\t\t\t\t<div class=\"elementor-element elementor-element-394fba5 elementor-widget elementor-widget-image\" data-id=\"394fba5\" data-element_type=\"widget\" data-widget_type=\"image.default\">\n\t\t\t\t<div class=\"elementor-widget-container\">\n\t\t\t\t\t\t\t\t\t\t\t\t\t\t\t\t<a href=\"https:\/\/digestionesemocionales.com\/producto\/dpuralys\/\">\n\t\t\t\t\t\t\t<img decoding=\"async\" width=\"768\" height=\"1024\" src=\"https:\/\/digestionesemocionales.com\/academia\/wp-content\/uploads\/2025\/12\/image00001-scaled-1-768x1024.jpeg\" class=\"attachment-large size-large wp-image-8684\" alt=\"\" srcset=\"https:\/\/digestionesemocionales.com\/academia\/wp-content\/uploads\/2025\/12\/image00001-scaled-1-768x1024.jpeg 768w, https:\/\/digestionesemocionales.com\/academia\/wp-content\/uploads\/2025\/12\/image00001-scaled-1-225x300.jpeg 225w, https:\/\/digestionesemocionales.com\/academia\/wp-content\/uploads\/2025\/12\/image00001-scaled-1-75x100.jpeg 75w, https:\/\/digestionesemocionales.com\/academia\/wp-content\/uploads\/2025\/12\/image00001-scaled-1-188x250.jpeg 188w, https:\/\/digestionesemocionales.com\/academia\/wp-content\/uploads\/2025\/12\/image00001-scaled-1-1152x1536.jpeg 1152w, https:\/\/digestionesemocionales.com\/academia\/wp-content\/uploads\/2025\/12\/image00001-scaled-1-1536x2048.jpeg 1536w, https:\/\/digestionesemocionales.com\/academia\/wp-content\/uploads\/2025\/12\/image00001-scaled-1.jpeg 1920w\" sizes=\"(max-width: 768px) 100vw, 768px\" \/>\t\t\t\t\t\t\t\t<\/a>\n\t\t\t\t\t\t\t\t\t\t\t\t\t\t\t<\/div>\n\t\t\t\t<\/div>\n\t\t\t\t<div class=\"elementor-element elementor-element-b7bb118 elementor-widget elementor-widget-heading\" data-id=\"b7bb118\" data-element_type=\"widget\" data-widget_type=\"heading.default\">\n\t\t\t\t<div class=\"elementor-widget-container\">\n\t\t\t\t\t<h2 class=\"elementor-heading-title elementor-size-default\"><a href=\"https:\/\/digestionesemocionales.com\/producto\/dpuralys\/\">DPuralys<\/a><\/h2>\t\t\t\t<\/div>\n\t\t\t\t<\/div>\n\t\t\t\t<div class=\"elementor-element elementor-element-e856f06 elementor-align-center elementor-widget elementor-widget-button\" data-id=\"e856f06\" data-element_type=\"widget\" data-widget_type=\"button.default\">\n\t\t\t\t<div class=\"elementor-widget-container\">\n\t\t\t\t\t\t\t\t\t<div class=\"elementor-button-wrapper\">\n\t\t\t\t\t<a class=\"elementor-button elementor-button-link elementor-size-sm\" href=\"https:\/\/digestionesemocionales.com\/producto\/dpuralys\/\">\n\t\t\t\t\t\t<span class=\"elementor-button-content-wrapper\">\n\t\t\t\t\t\t\t\t\t<span class=\"elementor-button-text\">A\u00f1adir al carrito<\/span>\n\t\t\t\t\t<\/span>\n\t\t\t\t\t<\/a>\n\t\t\t\t<\/div>\n\t\t\t\t\t\t\t\t<\/div>\n\t\t\t\t<\/div>\n\t\t\t\t\t<\/div>\n\t\t<\/div>\n\t\t\t\t\t<\/div>\n\t\t<\/section>\n\t\t\t\t<div class=\"elementor-element elementor-element-db8af2d elementor-widget elementor-widget-spacer\" data-id=\"db8af2d\" data-element_type=\"widget\" data-widget_type=\"spacer.default\">\n\t\t\t\t<div class=\"elementor-widget-container\">\n\t\t\t\t\t\t\t<div class=\"elementor-spacer\">\n\t\t\t<div class=\"elementor-spacer-inner\"><\/div>\n\t\t<\/div>\n\t\t\t\t\t\t<\/div>\n\t\t\t\t<\/div>\n\t\t\t\t\t<\/div>\n\t\t<\/div>\n\t\t\t\t\t<\/div>\n\t\t<\/section>\n\t\t\t\t<\/div>\n\t\t","protected":false},"excerpt":{"rendered":"<p>Suplementos que no suplen, acompa\u00f1an DClearlys A\u00f1adir al carrito DPuralys A\u00f1adir al carrito<\/p>\n","protected":false},"author":542,"featured_media":0,"parent":0,"menu_order":0,"comment_status":"closed","ping_status":"closed","template":"","meta":{"footnotes":""},"class_list":["post-8680","page","type-page","status-publish","hentry"],"_links":{"self":[{"href":"https:\/\/digestionesemocionales.com\/academia\/wp-json\/wp\/v2\/pages\/8680","targetHints":{"allow":["GET"]}}],"collection":[{"href":"https:\/\/digestionesemocionales.com\/academia\/wp-json\/wp\/v2\/pages"}],"about":[{"href":"https:\/\/digestionesemocionales.com\/academia\/wp-json\/wp\/v2\/types\/page"}],"author":[{"embeddable":true,"href":"https:\/\/digestionesemocionales.com\/academia\/wp-json\/wp\/v2\/users\/542"}],"replies":[{"embeddable":true,"href":"https:\/\/digestionesemocionales.com\/academia\/wp-json\/wp\/v2\/comments?post=8680"}],"version-history":[{"count":3,"href":"https:\/\/digestionesemocionales.com\/academia\/wp-json\/wp\/v2\/pages\/8680\/revisions"}],"predecessor-version":[{"id":8715,"href":"https:\/\/digestionesemocionales.com\/academia\/wp-json\/wp\/v2\/pages\/8680\/revisions\/8715"}],"wp:attachment":[{"href":"https:\/\/digestionesemocionales.com\/academia\/wp-json\/wp\/v2\/media?parent=8680"}],"curies":[{"name":"wp","href":"https:\/\/api.w.org\/{rel}","templated":true}]}}