{"id":6719,"date":"2022-07-09T10:57:23","date_gmt":"2022-07-09T09:57:23","guid":{"rendered":"https:\/\/digestionesemocionales.com\/academia\/?page_id=6719"},"modified":"2026-04-15T20:03:09","modified_gmt":"2026-04-15T19:03:09","slug":"inicio","status":"publish","type":"page","link":"https:\/\/digestionesemocionales.com\/academia\/","title":{"rendered":"Inicio"},"content":{"rendered":"\t\t<div data-elementor-type=\"wp-page\" data-elementor-id=\"6719\" class=\"elementor elementor-6719\" data-elementor-post-type=\"page\">\n\t\t\t\t\t\t<section class=\"elementor-section elementor-top-section elementor-element elementor-element-0da229e elementor-section-boxed elementor-section-height-default elementor-section-height-default\" data-id=\"0da229e\" data-element_type=\"section\" data-settings=\"{&quot;background_background&quot;:&quot;classic&quot;}\">\n\t\t\t\t\t\t<div class=\"elementor-container elementor-column-gap-default\">\n\t\t\t\t\t<div class=\"elementor-column elementor-col-100 elementor-top-column elementor-element elementor-element-a284070\" data-id=\"a284070\" data-element_type=\"column\">\n\t\t\t<div class=\"elementor-widget-wrap elementor-element-populated\">\n\t\t\t\t\t\t<div class=\"elementor-element elementor-element-774fdcd elementor-widget elementor-widget-heading\" data-id=\"774fdcd\" data-element_type=\"widget\" data-widget_type=\"heading.default\">\n\t\t\t\t<div class=\"elementor-widget-container\">\n\t\t\t\t\t<h2 class=\"elementor-heading-title elementor-size-default\">Te damos la bienvenida a la escuela<\/h2>\t\t\t\t<\/div>\n\t\t\t\t<\/div>\n\t\t\t\t<div class=\"elementor-element elementor-element-9568c44 elementor-widget elementor-widget-heading\" data-id=\"9568c44\" data-element_type=\"widget\" data-widget_type=\"heading.default\">\n\t\t\t\t<div class=\"elementor-widget-container\">\n\t\t\t\t\t<h2 class=\"elementor-heading-title elementor-size-default\">Digestiones Emocionales<\/h2>\t\t\t\t<\/div>\n\t\t\t\t<\/div>\n\t\t\t\t<section class=\"elementor-section elementor-inner-section elementor-element elementor-element-a8df43b elementor-section-boxed elementor-section-height-default elementor-section-height-default\" data-id=\"a8df43b\" data-element_type=\"section\">\n\t\t\t\t\t\t<div class=\"elementor-container elementor-column-gap-wider\">\n\t\t\t\t\t<div class=\"elementor-column elementor-col-33 elementor-inner-column elementor-element elementor-element-7301ee1\" data-id=\"7301ee1\" data-element_type=\"column\">\n\t\t\t<div class=\"elementor-widget-wrap elementor-element-populated\">\n\t\t\t\t\t\t<div class=\"elementor-element elementor-element-804a71d elementor-widget elementor-widget-image\" data-id=\"804a71d\" data-element_type=\"widget\" data-widget_type=\"image.default\">\n\t\t\t\t<div class=\"elementor-widget-container\">\n\t\t\t\t\t\t\t\t\t\t\t\t\t\t\t\t<a href=\"https:\/\/digestionesemocionales.com\/regalo\/\">\n\t\t\t\t\t\t\t<img fetchpriority=\"high\" decoding=\"async\" width=\"800\" height=\"1000\" src=\"https:\/\/digestionesemocionales.com\/academia\/wp-content\/uploads\/2022\/07\/Digestiones_emocionales__019-copia-819x1024.jpg\" class=\"attachment-large size-large wp-image-7294\" alt=\"\" srcset=\"https:\/\/digestionesemocionales.com\/academia\/wp-content\/uploads\/2022\/07\/Digestiones_emocionales__019-copia-819x1024.jpg 819w, https:\/\/digestionesemocionales.com\/academia\/wp-content\/uploads\/2022\/07\/Digestiones_emocionales__019-copia-240x300.jpg 240w, https:\/\/digestionesemocionales.com\/academia\/wp-content\/uploads\/2022\/07\/Digestiones_emocionales__019-copia-768x960.jpg 768w, https:\/\/digestionesemocionales.com\/academia\/wp-content\/uploads\/2022\/07\/Digestiones_emocionales__019-copia-80x100.jpg 80w, https:\/\/digestionesemocionales.com\/academia\/wp-content\/uploads\/2022\/07\/Digestiones_emocionales__019-copia-200x250.jpg 200w, https:\/\/digestionesemocionales.com\/academia\/wp-content\/uploads\/2022\/07\/Digestiones_emocionales__019-copia.jpg 1181w\" sizes=\"(max-width: 800px) 100vw, 800px\" \/>\t\t\t\t\t\t\t\t<\/a>\n\t\t\t\t\t\t\t\t\t\t\t\t\t\t\t<\/div>\n\t\t\t\t<\/div>\n\t\t\t\t<div class=\"elementor-element elementor-element-f7b71b4 elementor-widget elementor-widget-heading\" data-id=\"f7b71b4\" data-element_type=\"widget\" data-widget_type=\"heading.default\">\n\t\t\t\t<div class=\"elementor-widget-container\">\n\t\t\t\t\t<h2 class=\"elementor-heading-title elementor-size-default\"><a href=\"https:\/\/digestionesemocionales.com\/regalo\/\">Test Diagn\u00f3stico gratuito<\/a><\/h2>\t\t\t\t<\/div>\n\t\t\t\t<\/div>\n\t\t\t\t\t<\/div>\n\t\t<\/div>\n\t\t\t\t<div class=\"elementor-column elementor-col-33 elementor-inner-column elementor-element elementor-element-ae6b8a7\" data-id=\"ae6b8a7\" data-element_type=\"column\">\n\t\t\t<div class=\"elementor-widget-wrap elementor-element-populated\">\n\t\t\t\t\t\t<div class=\"elementor-element elementor-element-009ec19 elementor-widget elementor-widget-image\" data-id=\"009ec19\" data-element_type=\"widget\" data-widget_type=\"image.default\">\n\t\t\t\t<div class=\"elementor-widget-container\">\n\t\t\t\t\t\t\t\t\t\t\t\t\t\t\t\t<a href=\"https:\/\/www.amazon.es\/dp\/B0GC6Q4FM2?tag=digestionesem-21\">\n\t\t\t\t\t\t\t<img decoding=\"async\" width=\"800\" height=\"998\" src=\"https:\/\/digestionesemocionales.com\/academia\/wp-content\/uploads\/2026\/03\/Captura-de-pantalla-2026-03-31-a-las-14.24.20-821x1024.png\" class=\"attachment-large size-large wp-image-8772\" alt=\"\" srcset=\"https:\/\/digestionesemocionales.com\/academia\/wp-content\/uploads\/2026\/03\/Captura-de-pantalla-2026-03-31-a-las-14.24.20-821x1024.png 821w, https:\/\/digestionesemocionales.com\/academia\/wp-content\/uploads\/2026\/03\/Captura-de-pantalla-2026-03-31-a-las-14.24.20-241x300.png 241w, https:\/\/digestionesemocionales.com\/academia\/wp-content\/uploads\/2026\/03\/Captura-de-pantalla-2026-03-31-a-las-14.24.20-768x958.png 768w, https:\/\/digestionesemocionales.com\/academia\/wp-content\/uploads\/2026\/03\/Captura-de-pantalla-2026-03-31-a-las-14.24.20-80x100.png 80w, https:\/\/digestionesemocionales.com\/academia\/wp-content\/uploads\/2026\/03\/Captura-de-pantalla-2026-03-31-a-las-14.24.20-200x250.png 200w, https:\/\/digestionesemocionales.com\/academia\/wp-content\/uploads\/2026\/03\/Captura-de-pantalla-2026-03-31-a-las-14.24.20.png 980w\" sizes=\"(max-width: 800px) 100vw, 800px\" \/>\t\t\t\t\t\t\t\t<\/a>\n\t\t\t\t\t\t\t\t\t\t\t\t\t\t\t<\/div>\n\t\t\t\t<\/div>\n\t\t\t\t<div class=\"elementor-element elementor-element-64c1d79 elementor-widget elementor-widget-heading\" data-id=\"64c1d79\" data-element_type=\"widget\" data-widget_type=\"heading.default\">\n\t\t\t\t<div class=\"elementor-widget-container\">\n\t\t\t\t\t<h2 class=\"elementor-heading-title elementor-size-default\"><a href=\"https:\/\/www.amazon.es\/dp\/B0GC6Q4FM2?tag=digestionesem-21\"><b>Mi Nuevo Libro<\/b><\/a><\/h2>\t\t\t\t<\/div>\n\t\t\t\t<\/div>\n\t\t\t\t<div class=\"elementor-element elementor-element-70bc479 elementor-widget elementor-widget-heading\" data-id=\"70bc479\" data-element_type=\"widget\" data-widget_type=\"heading.default\">\n\t\t\t\t<div class=\"elementor-widget-container\">\n\t\t\t\t\t<h2 class=\"elementor-heading-title elementor-size-default\"><a href=\"https:\/\/www.amazon.es\/dp\/B0GC6Q4FM2?tag=digestionesem-21\"><i>S\u00e9 T\u00fa Mismo con tu Organismo<\/i><\/a><\/h2>\t\t\t\t<\/div>\n\t\t\t\t<\/div>\n\t\t\t\t\t<\/div>\n\t\t<\/div>\n\t\t\t\t<div class=\"elementor-column elementor-col-33 elementor-inner-column elementor-element elementor-element-4d8eeae\" data-id=\"4d8eeae\" data-element_type=\"column\">\n\t\t\t<div class=\"elementor-widget-wrap elementor-element-populated\">\n\t\t\t\t\t\t<div class=\"elementor-element elementor-element-394fba5 elementor-widget elementor-widget-image\" data-id=\"394fba5\" data-element_type=\"widget\" data-widget_type=\"image.default\">\n\t\t\t\t<div class=\"elementor-widget-container\">\n\t\t\t\t\t\t\t\t\t\t\t\t\t\t\t\t<a href=\"https:\/\/taller.digestionesemocionales.com\/tresdisparadoressomaticos\">\n\t\t\t\t\t\t\t<img decoding=\"async\" width=\"800\" height=\"1000\" src=\"https:\/\/digestionesemocionales.com\/academia\/wp-content\/uploads\/2022\/07\/Digestiones_emocionales__011-819x1024.jpg\" class=\"attachment-large size-large wp-image-7293\" alt=\"\" srcset=\"https:\/\/digestionesemocionales.com\/academia\/wp-content\/uploads\/2022\/07\/Digestiones_emocionales__011-819x1024.jpg 819w, https:\/\/digestionesemocionales.com\/academia\/wp-content\/uploads\/2022\/07\/Digestiones_emocionales__011-240x300.jpg 240w, https:\/\/digestionesemocionales.com\/academia\/wp-content\/uploads\/2022\/07\/Digestiones_emocionales__011-768x960.jpg 768w, https:\/\/digestionesemocionales.com\/academia\/wp-content\/uploads\/2022\/07\/Digestiones_emocionales__011-80x100.jpg 80w, https:\/\/digestionesemocionales.com\/academia\/wp-content\/uploads\/2022\/07\/Digestiones_emocionales__011-200x250.jpg 200w, https:\/\/digestionesemocionales.com\/academia\/wp-content\/uploads\/2022\/07\/Digestiones_emocionales__011.jpg 1181w\" sizes=\"(max-width: 800px) 100vw, 800px\" \/>\t\t\t\t\t\t\t\t<\/a>\n\t\t\t\t\t\t\t\t\t\t\t\t\t\t\t<\/div>\n\t\t\t\t<\/div>\n\t\t\t\t<div class=\"elementor-element elementor-element-b7bb118 elementor-widget elementor-widget-heading\" data-id=\"b7bb118\" data-element_type=\"widget\" data-widget_type=\"heading.default\">\n\t\t\t\t<div class=\"elementor-widget-container\">\n\t\t\t\t\t<h2 class=\"elementor-heading-title elementor-size-default\"><a href=\"https:\/\/taller.digestionesemocionales.com\/tresdisparadoressomaticos\">Los 3 Disparadores Som\u00e1ticos<\/a><\/h2>\t\t\t\t<\/div>\n\t\t\t\t<\/div>\n\t\t\t\t\t<\/div>\n\t\t<\/div>\n\t\t\t\t\t<\/div>\n\t\t<\/section>\n\t\t\t\t<div class=\"elementor-element elementor-element-db8af2d elementor-widget elementor-widget-spacer\" data-id=\"db8af2d\" data-element_type=\"widget\" data-widget_type=\"spacer.default\">\n\t\t\t\t<div class=\"elementor-widget-container\">\n\t\t\t\t\t\t\t<div class=\"elementor-spacer\">\n\t\t\t<div class=\"elementor-spacer-inner\"><\/div>\n\t\t<\/div>\n\t\t\t\t\t\t<\/div>\n\t\t\t\t<\/div>\n\t\t\t\t\t<\/div>\n\t\t<\/div>\n\t\t\t\t\t<\/div>\n\t\t<\/section>\n\t\t\t\t<\/div>\n\t\t","protected":false},"excerpt":{"rendered":"<p>Te damos la bienvenida a la escuela Digestiones Emocionales Test Diagn\u00f3stico gratuito Mi Nuevo Libro S\u00e9 T\u00fa Mismo con tu Organismo Los 3 Disparadores Som\u00e1ticos<\/p>\n","protected":false},"author":83,"featured_media":0,"parent":0,"menu_order":0,"comment_status":"closed","ping_status":"closed","template":"","meta":{"footnotes":""},"class_list":["post-6719","page","type-page","status-publish","hentry"],"_links":{"self":[{"href":"https:\/\/digestionesemocionales.com\/academia\/wp-json\/wp\/v2\/pages\/6719","targetHints":{"allow":["GET"]}}],"collection":[{"href":"https:\/\/digestionesemocionales.com\/academia\/wp-json\/wp\/v2\/pages"}],"about":[{"href":"https:\/\/digestionesemocionales.com\/academia\/wp-json\/wp\/v2\/types\/page"}],"author":[{"embeddable":true,"href":"https:\/\/digestionesemocionales.com\/academia\/wp-json\/wp\/v2\/users\/83"}],"replies":[{"embeddable":true,"href":"https:\/\/digestionesemocionales.com\/academia\/wp-json\/wp\/v2\/comments?post=6719"}],"version-history":[{"count":3,"href":"https:\/\/digestionesemocionales.com\/academia\/wp-json\/wp\/v2\/pages\/6719\/revisions"}],"predecessor-version":[{"id":8800,"href":"https:\/\/digestionesemocionales.com\/academia\/wp-json\/wp\/v2\/pages\/6719\/revisions\/8800"}],"wp:attachment":[{"href":"https:\/\/digestionesemocionales.com\/academia\/wp-json\/wp\/v2\/media?parent=6719"}],"curies":[{"name":"wp","href":"https:\/\/api.w.org\/{rel}","templated":true}]}}